{"id":237,"date":"2026-03-23T14:05:21","date_gmt":"2026-03-23T17:05:21","guid":{"rendered":"https:\/\/grupocarrara.com.br\/?page_id=237"},"modified":"2026-03-24T10:18:42","modified_gmt":"2026-03-24T13:18:42","slug":"seguranca","status":"publish","type":"page","link":"https:\/\/grupocarrara.com.br\/index.php\/seguranca\/","title":{"rendered":"Seguran\u00e7a"},"content":{"rendered":"\t\t<div data-elementor-type=\"wp-page\" data-elementor-id=\"237\" class=\"elementor elementor-237\">\n\t\t\t\t<div class=\"elementor-element elementor-element-79d0c48 e-flex e-con-boxed e-con e-parent\" data-id=\"79d0c48\" data-element_type=\"container\" data-e-type=\"container\">\n\t\t\t\t\t<div class=\"e-con-inner\">\n\t\t<div class=\"elementor-element elementor-element-e1b9ad9 e-con-full e-flex e-con e-child\" data-id=\"e1b9ad9\" data-element_type=\"container\" data-e-type=\"container\">\n\t\t\t\t<\/div>\n\t\t<div class=\"elementor-element elementor-element-7245bff e-con-full e-flex e-con e-child\" data-id=\"7245bff\" data-element_type=\"container\" data-e-type=\"container\">\n\t\t\t\t<div class=\"elementor-element elementor-element-1e5d561 elementor-invisible elementor-widget elementor-widget-image\" data-id=\"1e5d561\" data-element_type=\"widget\" data-e-type=\"widget\" data-settings=\"{&quot;_animation&quot;:&quot;fadeIn&quot;}\" data-widget_type=\"image.default\">\n\t\t\t\t\t\t\t\t\t\t\t\t\t\t\t\t<a href=\"http:\/\/www.grupocarrara.com.br\">\n\t\t\t\t\t\t\t<img fetchpriority=\"high\" decoding=\"async\" width=\"670\" height=\"275\" src=\"https:\/\/grupocarrara.com.br\/wp-content\/uploads\/2026\/03\/grupocarrara.jpg\" class=\"attachment-large size-large wp-image-191\" alt=\"\" srcset=\"https:\/\/grupocarrara.com.br\/wp-content\/uploads\/2026\/03\/grupocarrara.jpg 670w, https:\/\/grupocarrara.com.br\/wp-content\/uploads\/2026\/03\/grupocarrara-300x123.jpg 300w\" sizes=\"(max-width: 670px) 100vw, 670px\" \/>\t\t\t\t\t\t\t\t<\/a>\n\t\t\t\t\t\t\t\t\t\t\t\t\t\t\t<\/div>\n\t\t\t\t<div class=\"elementor-element elementor-element-6ea1d97 elementor-align-justify elementor-invisible elementor-widget elementor-widget-button\" data-id=\"6ea1d97\" data-element_type=\"widget\" data-e-type=\"widget\" data-settings=\"{&quot;_animation&quot;:&quot;bounceIn&quot;}\" data-widget_type=\"button.default\">\n\t\t\t\t\t\t\t\t\t\t<a class=\"elementor-button elementor-button-link elementor-size-sm\" href=\"https:\/\/docs.google.com\/forms\/d\/e\/1FAIpQLSfCJ1wyxANHJWJIp3ueCxWPXvN8ZnXAZZZ5Z3pDx03sHyc0fA\/viewform?usp=header\">\n\t\t\t\t\t\t<span class=\"elementor-button-content-wrapper\">\n\t\t\t\t\t\t\t\t\t<span class=\"elementor-button-text\">SOLICITE UM OR\u00c7AMENTO<\/span>\n\t\t\t\t\t<\/span>\n\t\t\t\t\t<\/a>\n\t\t\t\t\t\t\t\t<\/div>\n\t\t\t\t<\/div>\n\t\t<div class=\"elementor-element elementor-element-a700b39 e-con-full e-flex e-con e-child\" data-id=\"a700b39\" data-element_type=\"container\" data-e-type=\"container\">\n\t\t\t\t<\/div>\n\t\t\t\t\t<\/div>\n\t\t\t\t<\/div>\n\t\t<div class=\"elementor-element elementor-element-79124ed e-flex e-con-boxed e-con e-parent\" data-id=\"79124ed\" data-element_type=\"container\" data-e-type=\"container\">\n\t\t\t\t\t<div class=\"e-con-inner\">\n\t\t<div class=\"elementor-element elementor-element-bfdf8a3 e-con-full e-flex e-con e-child\" data-id=\"bfdf8a3\" data-element_type=\"container\" data-e-type=\"container\">\n\t\t\t\t<\/div>\n\t\t<div class=\"elementor-element elementor-element-646da3c e-con-full e-flex e-con e-child\" data-id=\"646da3c\" data-element_type=\"container\" data-e-type=\"container\">\n\t\t\t\t<div class=\"elementor-element elementor-element-71846bf elementor-widget elementor-widget-text-editor\" data-id=\"71846bf\" data-element_type=\"widget\" data-e-type=\"widget\" data-widget_type=\"text-editor.default\">\n\t\t\t\t\t\t\t\t\t<h3>Entenda por que o Grupo Carrara \u00e9 a melhor op\u00e7\u00e3o:<\/h3>\n<p>Escolher um parceiro para cuidar da seguran\u00e7a, portaria, limpeza e manuten\u00e7\u00e3o do seu patrim\u00f4nio n\u00e3o \u00e9 apenas uma decis\u00e3o operacional \u2014 \u00e9 uma decis\u00e3o estrat\u00e9gica.<br><span style=\"font-size: 1rem;\">O Grupo Carrara atua h\u00e1 mais de 25 anos oferecendo solu\u00e7\u00f5es completas, confi\u00e1veis e personalizadas, sempre com foco em resultado, tranquilidade e excel\u00eancia operacional.<\/span><\/p>\n<p><span style=\"font-size: 1rem;\">&nbsp;<\/span><\/p>\n<p><span style=\"font-size: 1rem;\"><b>Experi\u00eancia que gera seguran\u00e7a<br><\/b><\/span><span style=\"font-size: 1rem;\">Com mais de duas d\u00e9cadas de atua\u00e7\u00e3o no mercado, o Grupo Carrara construiu uma trajet\u00f3ria s\u00f3lida, atendendo empresas, ind\u00fastrias, condom\u00ednios, hospitais, centros log\u00edsticos e grandes opera\u00e7\u00f5es.<br><\/span><span style=\"font-size: 1rem;\">Essa experi\u00eancia se traduz em processos maduros, equipes treinadas e tomada de decis\u00e3o assertiva.<\/span><\/p>\n<p><span style=\"font-size: 1rem;\"><br><b>Solu\u00e7\u00f5es completas em um \u00fanico grupo<br><\/b><\/span><span style=\"font-size: 1rem;\">Oferecemos um portf\u00f3lio integrado de servi\u00e7os, evitando m\u00faltiplos fornecedores e facilitando a gest\u00e3o:<br><\/span><span style=\"font-size: 1rem;\">\u2022 Seguran\u00e7a patrimonial e corporativa<br><\/span><span style=\"font-size: 1rem;\">\u2022 Portaria presencial, virtual e remota<br><\/span><span style=\"font-size: 1rem;\">\u2022 Monitoramento inteligente e rondas digitais<br><\/span><span style=\"font-size: 1rem;\">\u2022 Vigil\u00e2ncia com apoio tecnol\u00f3gico (inclusive drones)<br><\/span><span style=\"font-size: 1rem;\">\u2022 Limpeza, conserva\u00e7\u00e3o e limpeza p\u00f3s-obra<br><\/span><span style=\"font-size: 1rem;\">\u2022 Manuten\u00e7\u00e3o predial e facilities<br><\/span><span style=\"font-size: 1rem;\">Tudo isso com padroniza\u00e7\u00e3o, controle e qualidade.<\/span><\/p>\n<p><span style=\"font-size: 1rem;\"><br><b>Tecnologia aplicada \u00e0 opera\u00e7\u00e3o<br><\/b><\/span><span style=\"font-size: 1rem;\">Investimos continuamente em tecnologia, inova\u00e7\u00e3o e intelig\u00eancia operacional, utilizando sistemas de monitoramento, controle de acesso, relat\u00f3rios digitais, indicadores de desempenho e solu\u00e7\u00f5es que aumentam a efici\u00eancia e reduzem riscos.<br><br><\/span><\/p>\n<p><\/p>\n<p><b>Equipes treinadas e supervisionadas<br><\/b><span style=\"font-size: 1rem;\">Nossos colaboradores passam por processos rigorosos de sele\u00e7\u00e3o, treinamento cont\u00ednuo e reciclagem, al\u00e9m de acompanhamento pr\u00f3ximo por gestores e supervisores.<br><\/span><span style=\"font-size: 1rem;\">Isso garante postura profissional, atendimento humanizado e alto padr\u00e3o de servi\u00e7o.<br><br><\/span><span style=\"font-size: 1rem;\"><br><b>Gest\u00e3o, transpar\u00eancia e controle<br><\/b><\/span><span style=\"font-size: 1rem;\">O Grupo Carrara trabalha com processos claros, relat\u00f3rios peri\u00f3dicos e indicadores de desempenho, permitindo que o cliente acompanhe resultados, tenha previsibilidade e confian\u00e7a na opera\u00e7\u00e3o.<br><br><\/span><\/p>\n<p><\/p>\n<p><b>Atendimento personalizado<br><\/b><span style=\"font-size: 1rem;\">Cada cliente possui uma realidade espec\u00edfica. Por isso, desenvolvemos solu\u00e7\u00f5es sob medida, respeitando o perfil do local, o n\u00edvel de risco, a rotina e as necessidades reais de cada opera\u00e7\u00e3o.<\/span><\/p>\n<p><\/p>\n<p>&nbsp;<br><span style=\"font-size: 1rem;\"><b>Conformidade legal e tranquilidade<br><\/b><\/span><span style=\"font-size: 1rem;\">Atuamos com total regularidade legal, trabalhista e contratual, reduzindo riscos jur\u00eddicos e oferecendo tranquilidade para s\u00edndicos, gestores e diretores.<\/span><\/p>\n<p><\/p>\t\t\t\t\t\t\t\t<\/div>\n\t\t\t\t<\/div>\n\t\t<div class=\"elementor-element elementor-element-8f14bc1 e-con-full e-flex e-con e-child\" data-id=\"8f14bc1\" data-element_type=\"container\" data-e-type=\"container\">\n\t\t\t\t<\/div>\n\t\t\t\t\t<\/div>\n\t\t\t\t<\/div>\n\t\t\t\t<\/div>\n\t\t","protected":false},"excerpt":{"rendered":"<p>SOLICITE UM OR\u00c7AMENTO Entenda por que o Grupo Carrara \u00e9 a melhor op\u00e7\u00e3o: Escolher um parceiro para cuidar da seguran\u00e7a, portaria, limpeza e manuten\u00e7\u00e3o do seu patrim\u00f4nio n\u00e3o \u00e9 apenas uma decis\u00e3o operacional \u2014 \u00e9 uma decis\u00e3o estrat\u00e9gica.O Grupo Carrara atua h\u00e1 mais de 25 anos oferecendo solu\u00e7\u00f5es completas, confi\u00e1veis e personalizadas, sempre com foco [&hellip;]<\/p>\n","protected":false},"author":1,"featured_media":0,"parent":0,"menu_order":0,"comment_status":"closed","ping_status":"closed","template":"elementor_canvas","meta":{"footnotes":""},"class_list":["post-237","page","type-page","status-publish","hentry"],"_links":{"self":[{"href":"https:\/\/grupocarrara.com.br\/index.php\/wp-json\/wp\/v2\/pages\/237","targetHints":{"allow":["GET"]}}],"collection":[{"href":"https:\/\/grupocarrara.com.br\/index.php\/wp-json\/wp\/v2\/pages"}],"about":[{"href":"https:\/\/grupocarrara.com.br\/index.php\/wp-json\/wp\/v2\/types\/page"}],"author":[{"embeddable":true,"href":"https:\/\/grupocarrara.com.br\/index.php\/wp-json\/wp\/v2\/users\/1"}],"replies":[{"embeddable":true,"href":"https:\/\/grupocarrara.com.br\/index.php\/wp-json\/wp\/v2\/comments?post=237"}],"version-history":[{"count":4,"href":"https:\/\/grupocarrara.com.br\/index.php\/wp-json\/wp\/v2\/pages\/237\/revisions"}],"predecessor-version":[{"id":291,"href":"https:\/\/grupocarrara.com.br\/index.php\/wp-json\/wp\/v2\/pages\/237\/revisions\/291"}],"wp:attachment":[{"href":"https:\/\/grupocarrara.com.br\/index.php\/wp-json\/wp\/v2\/media?parent=237"}],"curies":[{"name":"wp","href":"https:\/\/api.w.org\/{rel}","templated":true}]}}