{"id":231,"date":"2026-03-23T14:04:19","date_gmt":"2026-03-23T17:04:19","guid":{"rendered":"https:\/\/grupocarrara.com.br\/?page_id=231"},"modified":"2026-03-23T14:22:21","modified_gmt":"2026-03-23T17:22:21","slug":"vantagens","status":"publish","type":"page","link":"https:\/\/grupocarrara.com.br\/index.php\/vantagens\/","title":{"rendered":"Vantagens"},"content":{"rendered":"\t\t<div data-elementor-type=\"wp-page\" data-elementor-id=\"231\" class=\"elementor elementor-231\">\n\t\t\t\t<div class=\"elementor-element elementor-element-0b92880 e-flex e-con-boxed e-con e-parent\" data-id=\"0b92880\" data-element_type=\"container\" data-e-type=\"container\">\n\t\t\t\t\t<div class=\"e-con-inner\">\n\t\t<div class=\"elementor-element elementor-element-60c326e e-con-full e-flex e-con e-child\" data-id=\"60c326e\" data-element_type=\"container\" data-e-type=\"container\">\n\t\t\t\t<\/div>\n\t\t<div class=\"elementor-element elementor-element-ddc3fe4 e-con-full e-flex e-con e-child\" data-id=\"ddc3fe4\" data-element_type=\"container\" data-e-type=\"container\">\n\t\t\t\t<div class=\"elementor-element elementor-element-98efbb4 elementor-invisible elementor-widget elementor-widget-image\" data-id=\"98efbb4\" data-element_type=\"widget\" data-e-type=\"widget\" data-settings=\"{&quot;_animation&quot;:&quot;fadeIn&quot;}\" data-widget_type=\"image.default\">\n\t\t\t\t\t\t\t\t\t\t\t\t\t\t\t\t<a href=\"http:\/\/www.grupocarrara.com.br\">\n\t\t\t\t\t\t\t<img fetchpriority=\"high\" decoding=\"async\" width=\"670\" height=\"275\" src=\"https:\/\/grupocarrara.com.br\/wp-content\/uploads\/2026\/03\/grupocarrara.jpg\" class=\"attachment-large size-large wp-image-191\" alt=\"\" srcset=\"https:\/\/grupocarrara.com.br\/wp-content\/uploads\/2026\/03\/grupocarrara.jpg 670w, https:\/\/grupocarrara.com.br\/wp-content\/uploads\/2026\/03\/grupocarrara-300x123.jpg 300w\" sizes=\"(max-width: 670px) 100vw, 670px\" \/>\t\t\t\t\t\t\t\t<\/a>\n\t\t\t\t\t\t\t\t\t\t\t\t\t\t\t<\/div>\n\t\t\t\t<div class=\"elementor-element elementor-element-8fd8df7 elementor-align-justify elementor-invisible elementor-widget elementor-widget-button\" data-id=\"8fd8df7\" data-element_type=\"widget\" data-e-type=\"widget\" data-settings=\"{&quot;_animation&quot;:&quot;bounceIn&quot;}\" data-widget_type=\"button.default\">\n\t\t\t\t\t\t\t\t\t\t<a class=\"elementor-button elementor-button-link elementor-size-sm\" href=\"https:\/\/docs.google.com\/forms\/d\/e\/1FAIpQLSfCJ1wyxANHJWJIp3ueCxWPXvN8ZnXAZZZ5Z3pDx03sHyc0fA\/viewform?usp=header\">\n\t\t\t\t\t\t<span class=\"elementor-button-content-wrapper\">\n\t\t\t\t\t\t\t\t\t<span class=\"elementor-button-text\">SOLICITE UM OR\u00c7AMENTO<\/span>\n\t\t\t\t\t<\/span>\n\t\t\t\t\t<\/a>\n\t\t\t\t\t\t\t\t<\/div>\n\t\t\t\t<\/div>\n\t\t<div class=\"elementor-element elementor-element-d5735a4 e-con-full e-flex e-con e-child\" data-id=\"d5735a4\" data-element_type=\"container\" data-e-type=\"container\">\n\t\t\t\t<\/div>\n\t\t\t\t\t<\/div>\n\t\t\t\t<\/div>\n\t\t<div class=\"elementor-element elementor-element-e615fdc e-flex e-con-boxed e-con e-parent\" data-id=\"e615fdc\" data-element_type=\"container\" data-e-type=\"container\">\n\t\t\t\t\t<div class=\"e-con-inner\">\n\t\t<div class=\"elementor-element elementor-element-0c7636a e-con-full e-flex e-con e-child\" data-id=\"0c7636a\" data-element_type=\"container\" data-e-type=\"container\">\n\t\t\t\t<\/div>\n\t\t<div class=\"elementor-element elementor-element-74bcb76 e-con-full e-flex e-con e-child\" data-id=\"74bcb76\" data-element_type=\"container\" data-e-type=\"container\">\n\t\t\t\t<div class=\"elementor-element elementor-element-aad88cd elementor-widget elementor-widget-text-editor\" data-id=\"aad88cd\" data-element_type=\"widget\" data-e-type=\"widget\" data-widget_type=\"text-editor.default\">\n\t\t\t\t\t\t\t\t\t<h2>Entenda<b> por que o Grupo Carrara \u00e9 a melhor op\u00e7\u00e3o:<\/b><\/h2><p>Escolher um parceiro para cuidar da seguran\u00e7a, portaria, limpeza e manuten\u00e7\u00e3o do seu patrim\u00f4nio n\u00e3o \u00e9 apenas uma decis\u00e3o operacional \u2014 \u00e9 uma decis\u00e3o estrat\u00e9gica.<\/p><p>\u00a0<\/p><p>O Grupo Carrara atua h\u00e1 mais de 25 anos oferecendo solu\u00e7\u00f5es completas, confi\u00e1veis e personalizadas, sempre com foco em resultado, tranquilidade e excel\u00eancia operacional.<\/p><p>\u00a0<\/p><p><b>Experi\u00eancia que gera seguran\u00e7a<\/b><\/p><p>Com mais de duas d\u00e9cadas de atua\u00e7\u00e3o no mercado, o Grupo Carrara construiu uma trajet\u00f3ria s\u00f3lida, atendendo empresas, ind\u00fastrias, condom\u00ednios, hospitais, centros log\u00edsticos e grandes opera\u00e7\u00f5es.<br \/><span style=\"font-size: 1rem;\">Essa experi\u00eancia se traduz em processos maduros, equipes treinadas e tomada de decis\u00e3o assertiva.<\/span><\/p><p><span style=\"font-size: 1rem;\">\u00a0<\/span><\/p><p>\u00a0<\/p><p><b>Solu\u00e7\u00f5es completas em um \u00fanico grupo<\/b><\/p><p>Oferecemos um portf\u00f3lio integrado de servi\u00e7os, evitando m\u00faltiplos fornecedores e facilitando a gest\u00e3o:<br \/><span style=\"font-size: 1rem;\">\u2022 Seguran\u00e7a patrimonial e corporativa<br \/><\/span><span style=\"font-size: 1rem;\">\u2022 Portaria presencial, virtual e remota<br \/><\/span><span style=\"font-size: 1rem;\">\u2022 Monitoramento inteligente e rondas digitais<br \/><\/span><span style=\"font-size: 1rem;\">\u2022 Vigil\u00e2ncia com apoio tecnol\u00f3gico (inclusive drones)<br \/><\/span><span style=\"font-size: 1rem;\">\u2022 Limpeza, conserva\u00e7\u00e3o e limpeza p\u00f3s-obra<br \/><\/span><span style=\"font-size: 1rem;\">\u2022 Manuten\u00e7\u00e3o predial e facilities<br \/><\/span><span style=\"font-size: 1rem;\">Tudo isso com padroniza\u00e7\u00e3o, controle e qualidade.<\/span><\/p><p>\u00a0<\/p><p><b>Tecnologia aplicada \u00e0 opera\u00e7\u00e3o<br \/><\/b><span style=\"font-size: 1rem;\">Investimos continuamente em tecnologia, inova\u00e7\u00e3o e intelig\u00eancia operacional, utilizando sistemas de monitoramento, controle de acesso, relat\u00f3rios digitais, indicadores de desempenho e solu\u00e7\u00f5es que aumentam a efici\u00eancia e reduzem riscos.<\/span><\/p><p>\u00a0<\/p><p><b>Equipes treinadas e supervisionadas<br \/><\/b><span style=\"font-size: 1rem;\">Nossos colaboradores passam por processos rigorosos de sele\u00e7\u00e3o, treinamento cont\u00ednuo e reciclagem, al\u00e9m de acompanhamento pr\u00f3ximo por gestores e supervisores.<br \/><\/span><span style=\"font-size: 1rem;\">Isso garante postura profissional, atendimento humanizado e alto padr\u00e3o de servi\u00e7o.<\/span><\/p><p><span style=\"font-size: 1rem;\">\u00a0<\/span><\/p><p>\u00a0<\/p><p><b>Gest\u00e3o, transpar\u00eancia e controle<br \/><\/b><span style=\"font-size: 1rem;\">O Grupo Carrara trabalha com processos claros, relat\u00f3rios peri\u00f3dicos e indicadores de desempenho, permitindo que o cliente acompanhe resultados, tenha previsibilidade e confian\u00e7a na opera\u00e7\u00e3o.<\/span><\/p><p>\u00a0<\/p><p>\u00a0\u00a0<\/p><p><b>Atendimento personalizado<br \/><\/b><span style=\"font-size: 1rem;\">Cada cliente possui uma realidade espec\u00edfica. Por isso, desenvolvemos solu\u00e7\u00f5es sob medida, respeitando o perfil do local, o n\u00edvel de risco, a rotina e as necessidades reais de cada opera\u00e7\u00e3o.<\/span><\/p><p>\u00a0<\/p><p>\u00a0<\/p><p><b>Conformidade legal e tranquilidade<br \/><\/b><span style=\"font-size: 1rem;\">Atuamos com total regularidade legal, trabalhista e contratual, reduzindo riscos jur\u00eddicos e oferecendo tranquilidade para s\u00edndicos, gestores e diretores.<\/span><\/p><p>\u00a0<\/p>\t\t\t\t\t\t\t\t<\/div>\n\t\t\t\t<\/div>\n\t\t<div class=\"elementor-element elementor-element-8f2dec3 e-con-full e-flex e-con e-child\" data-id=\"8f2dec3\" data-element_type=\"container\" data-e-type=\"container\">\n\t\t\t\t<\/div>\n\t\t\t\t\t<\/div>\n\t\t\t\t<\/div>\n\t\t\t\t<\/div>\n\t\t","protected":false},"excerpt":{"rendered":"<p>SOLICITE UM OR\u00c7AMENTO Entenda por que o Grupo Carrara \u00e9 a melhor op\u00e7\u00e3o: Escolher um parceiro para cuidar da seguran\u00e7a, portaria, limpeza e manuten\u00e7\u00e3o do seu patrim\u00f4nio n\u00e3o \u00e9 apenas uma decis\u00e3o operacional \u2014 \u00e9 uma decis\u00e3o estrat\u00e9gica. \u00a0 O Grupo Carrara atua h\u00e1 mais de 25 anos oferecendo solu\u00e7\u00f5es completas, confi\u00e1veis e personalizadas, sempre [&hellip;]<\/p>\n","protected":false},"author":1,"featured_media":0,"parent":0,"menu_order":0,"comment_status":"closed","ping_status":"closed","template":"elementor_canvas","meta":{"footnotes":""},"class_list":["post-231","page","type-page","status-publish","hentry"],"_links":{"self":[{"href":"https:\/\/grupocarrara.com.br\/index.php\/wp-json\/wp\/v2\/pages\/231","targetHints":{"allow":["GET"]}}],"collection":[{"href":"https:\/\/grupocarrara.com.br\/index.php\/wp-json\/wp\/v2\/pages"}],"about":[{"href":"https:\/\/grupocarrara.com.br\/index.php\/wp-json\/wp\/v2\/types\/page"}],"author":[{"embeddable":true,"href":"https:\/\/grupocarrara.com.br\/index.php\/wp-json\/wp\/v2\/users\/1"}],"replies":[{"embeddable":true,"href":"https:\/\/grupocarrara.com.br\/index.php\/wp-json\/wp\/v2\/comments?post=231"}],"version-history":[{"count":7,"href":"https:\/\/grupocarrara.com.br\/index.php\/wp-json\/wp\/v2\/pages\/231\/revisions"}],"predecessor-version":[{"id":262,"href":"https:\/\/grupocarrara.com.br\/index.php\/wp-json\/wp\/v2\/pages\/231\/revisions\/262"}],"wp:attachment":[{"href":"https:\/\/grupocarrara.com.br\/index.php\/wp-json\/wp\/v2\/media?parent=231"}],"curies":[{"name":"wp","href":"https:\/\/api.w.org\/{rel}","templated":true}]}}